(g/14).
0
Let x(s) = s**3 - 7*s**2 - 3*s - 2. Let h be x(8). Let v = -5 - -16. What is the remainder when h - (-9 - 3)/4 is divided by v?
8
Let l(y) = y**3 - 5*y**2 + 3*y - 6. Suppose 0 = -4*m - 2*r + 30, -r + 1 = -4*m + 16. Suppose -101 = -3*d + 4. Calculate the remainder when d is divided by l(m).
8
Suppose 0 = -4*t - n + 105, 2*n + 80 = 3*t + 3*n. Let m = -15 + t. Calculate the remainder when m is divided by 4.
2
Let p be (-4)/(3/(-21*1)). Let b = p - 15. Calculate the remainder when 25 is divided by b.
12
Let h(g) = g**3 + 7*g**2 + 6*g + 12. Calculate the remainder when 34 is divided by h(-6).
10
Suppose 4*s - 2 = 18. Suppose 0 = l - 6*l - s*f + 25, -3*f - 5 = -l. What is the remainder when l is divided by 4?
1
Let k = -10 + 24. Suppose 39*q = 36*q + 162. What is the remainder when q is divided by k?
12
Let d(c) = -11*c + 20. Let i(z) = 4*z - 7. Let s(a) = 6*d(a) + 17*i(a). Suppose 2*f + 10 = 0, 2*f + 4 = -p - 2. What is the remainder when p is divided by s(1)?
1
Let h(u) = -3*u - 3. Suppose 2*j = d - 4, 0*j + 5*d = 3*j + 6. Let v be h(j). Suppose -q + 32 = v*q. Calculate the remainder when 14 is divided by q.
6
Let f(j) = 3*j**2 - 10*j + 7. What is the remainder when f(6) is divided by 14?
13
Let u = 56 - 33. What is the remainder when u is divided by 12?
11
Suppose -3 = 3*h + 6. Calculate the remainder when 16 is divided by (-1 - h)*(1 - -2).
4
Suppose 4*k - m - m = 10, 4*m = k - 13. What is the remainder when 2 is divided by k?
0
Let g = -1 + 4. Suppose -5*j - 2*c + 45 = g*c, 5*j - c - 15 = 0. Let k = -13 - -20. What is the remainder when k is divided by j?
3
Suppose -135 = -x - 2*x. What is the remainder when x is divided by 10?
5
Calculate the remainder when (-95)/(-3) + (-7)/(-21) is divided by 11.
10
Let k(g) = -40*g**3 + g. Calculate the remainder when k(-1) is divided by 21.
18
Suppose -5*j - 25 = 0, 0 = -5*f + 3*f + 5*j + 41. Suppose -f*d + 28 = -4*d. Calculate the remainder when 12 is divided by d.
5
Let f(l) = l**2 - 2*l - 5. Let x(t) = t - 4. Let p be x(0). What is the remainder when f(p) is divided by 10?
9
Let x(p) = -2*p**3 - 6*p**2 - 2*p + 2. Let i be x(-4). Let u = 70 - i. Calculate the remainder when u is divided by ((-10)/(-3))/(2/9).
13
Let m(r) = -r**2 - 9*r + 4. Let w be m(-9). Suppose c = w*c - 3. Suppose 3*u - 3 = -0*u. Calculate the remainder when c is divided by u.
0
What is the remainder when 79 is divided by (-2 + (-70)/6)*-3?
38
Let h(w) = 6*w + 5*w**2 - 4*w**3 + 4 + 3*w**3 - 2. Calculate the remainder when (-2)/(-13) + (-37)/(-13) is divided by h(6).
1
Let p(m) = 5*m**2 - m + 3. Let w be 4/12 - (-11)/3. Let i be p(w). Suppose 7*s - 5*t - i = 3*s, 37 = 2*s - 5*t. What is the remainder when s is divided by 11?
10
Suppose -2*j + 0 = -4*w + 46, 5*w + j - 47 = 0. What is the remainder when 48 is divided by w?
8
Let l(n) = 0*n - 3*n + n. Let o be l(-2). Suppose -6*c = 3*v - o*c - 31, 0 = 4*v + c - 43. Calculate the remainder when 20 is divided by v.
9
Let y = 140 + -103. Let n = -10 + 23. What is the remainder when y is divided by n?
11
Suppose 2*y + 0*y + 4*v = -8, -2*y = 3*v + 4. Suppose 2*w = y*w - 28. What is the remainder when w is divided by 5?
4
Let r = 234 - 40. What is the remainder when r is divided by 33?
29
Let z(f) be the first derivative of -5*f**2/2 - 8*f - 2. Let u be z(-6). What is the remainder when u/2 + 0/2 is divided by 6?
5
Let a be -1*(-3 + 1 + 0). Suppose 0*t - t = 1, a*f + t - 103 = 0. Suppose -5*c + 54 = -36. What is the remainder when f is divided by c?
16
Calculate the remainder when (-14)/8 + 1 + 4175/100 is divided by 11.
8
Suppose 89 + 1 = 5*f - 5*y, 4*f + 5*y - 99 = 0. Suppose -91 = -5*p - f. Calculate the remainder when 40 is divided by p.
12
Let x be 6/(-9)*(-9)/2. Let k = x + 30. Suppose -3*z + 27 + k = 0. Calculate the remainder when 38 is divided by z.
18
Let d = 96 - 49. Suppose 3*a + 2*a = -150. Let q = a + d. Calculate the remainder when 49 is divided by q.
15
Let a = 130 - 90. Let d(g) = 2*g**2 + g + 1. Let o be d(-1). Suppose t + 5*q - 39 = 0, t - 57 = -o*t - 3*q. Calculate the remainder when a is divided by t.
12
Suppose 79 = -5*u + 464. Calculate the remainder when u is divided by 20.
17
Let f be -1 - -1 - -2 - 2. Suppose h + 2 - 14 = f. Suppose -5*k - 38 = 4*z - 217, -k + 32 = -3*z. What is the remainder when k is divided by h?
11
Let k = 2 - 0. Suppose n = -2*n + 4*o + 112, -68 = -k*n + o. Suppose 4*t - n = -4*p, -t + 3*t + 47 = 5*p. Calculate the remainder when p is divided by 6.
3
Let l(s) = -s**2 + 11*s - 8. What is the remainder when 129 is divided by l(6)?
19
Suppose -2*a - 5*w - 75 = -7*a, -5*w - 58 = -4*a. What is the remainder when 65 is divided by a?
14
Suppose 2*s - 193 = -15. Let i = 34 + -4. What is the remainder when s is divided by i?
29
Let z = 55 + -39. Calculate the remainder when 62 is divided by z.
14
Suppose -m + 3*m - v = 16, 4*m = 4*v + 40. Suppose -i + m + 8 = 0. What is the remainder when 27 is divided by i?
13
What is the remainder when 2/12 + 113/6 is divided by 11?
8
Suppose -4*x + 15 = -9*x. Let l = x + 7. Suppose 0*j + 75 = 4*y - 3*j, 0 = -3*y + l*j + 65. What is the remainder when y is divided by 6?
3
Let i(g) = -g**3 + 3*g**2 - g - 35. Suppose 0 = -z - 12 + 40. Calculate the remainder when i(-4) is divided by z.
25
Calculate the remainder when 14 is divided by 1 + (-5)/(5/(-2)).
2
Suppose j - 4 = 2*b - 0, -3*b = -2*j + 12. Suppose -l = -d - 23, -2*l - 4*d = -j - 22. What is the remainder when l is divided by (2 - -8) + 2 + -1?
10
What is the remainder when 2 is divided by (3/12)/((-3)/(-12))?
0
Suppose -i - 191 = -4*p, 2*i + 1 - 3 = 0. What is the remainder when p is divided by 17?
14
Calculate the remainder when (-4 + 8 + 3)*2 is divided by 8.
6
Suppose -i - 52 = -3*i. Suppose i = -3*y + 4*y. Calculate the remainder when y is divided by 14.
12
Suppose 16 = -2*g + 4. Let q = g + 15. What is the remainder when 26 is divided by q?
8
Let c(x) = -15*x + 1. Calculate the remainder when c(-2) is divided by 8.
7
Let n(u) = u**2 + 7*u + 8. What is the remainder when 12 is divided by n(-7)?
4
Let j(r) = r**3 - 4*r**2 + 2*r - 6. Let h be j(4). Let l(k) = 2*k + 1 - h*k - 7*k. Calculate the remainder when l(-3) is divided by 8.
6
Suppose 0 = 2*j - 2 - 4. Suppose a + 36 = j*a + 4*b, -a + 2*b = -18. Calculate the remainder when 34 is divided by a.
16
Let i = 8 - -13. What is the remainder when 60 is divided by i?
18
What is the remainder when ((-272)/(-6))/((-6)/(-9)) is divided by 23?
22
Suppose -5*u - 4*t = -2 + 3, 0 = 5*t + 20. Let s(z) = 3*z - 2. Let m(p) = 18*p**3 + 2*p**2 - 2*p + 1. Calculate the remainder when m(1) is divided by s(u).
5
Suppose k - 132 = -3*k. Let w = k + -16. Calculate the remainder when w is divided by 6.
5
Let j = -22 - -25. Suppose -j*c + 5*f = -116, -f - 4 = -0. Calculate the remainder when c is divided by 12.
8
Suppose 0 = l + 1 - 7. What is the remainder when 35 is divided by 24*((-9)/l)/(-3)?
11
Suppose 2*t + 1 = -0*t - s, -5*s = -4*t + 33. What is the remainder when -2*(-26)/(-10)*-5 is divided by t/7 - 122/(-14)?
8
Let y(l) be the third derivative of l**4/24 + 3*l**3/2 - 3*l**2. What is the remainder when y(0) is divided by 5?
4
What is the remainder when (-1)/(-1)*(40 - 1) - 0 is divided by 20?
19
Let k(m) = 68*m**2 + 4*m + 2. What is the remainder when k(-1) is divided by 17?
15
Let u(n) = -2*n + 18. What is the remainder when u(-7) is divided by 11?
10
Let t = 0 + -1. Let w be ((-12)/(-30))/(t/(-30)). Suppose -2*u + w = y, -y + 2*u = 6*u - 16. What is the remainder when y is divided by 3?
2
Let g be (-8)/(-12)*(1 - -2). Suppose -l + 2 = -10. Calculate the remainder when -5 + g + 3 + 22 is divided by l.
10
Suppose 0*x - 156 = -3*x. Suppose j = -j + 6, 0 = -4*g + 4*j + x. Calculate the remainder when g is divided by 6.
4
Suppose -2*j + 0*j + 32 = 0. What is the remainder when 46 is divided by j?
14
Let o = -101 + 117. Let a = 80 + -33. Calculate the remainder when a is divided by o.
15
What is the remainder when 11 is divided by (-2)/8 - (-13)/4?
2
Suppose -4*p + x + 16 = -0*p, 0 = 4*p - 2*x - 20. Let i(m) = 9 + p*m - 4*m - 2. What is the remainder when 44 is divided by i(-8)?
14
Suppose -61 + 21 = 5*q. Let n = 10 + q. Suppose -w + 6 + 31 = 4*t, -n*t - 2*w = -14. Calculate the remainder when t is divided by 4.
2
S